{"id":653,"date":"2023-01-04T10:08:56","date_gmt":"2023-01-04T09:08:56","guid":{"rendered":"https:\/\/www.chalet-chatel.com\/?page_id=653"},"modified":"2023-01-11T10:19:01","modified_gmt":"2023-01-11T09:19:01","slug":"nos-chalets","status":"publish","type":"page","link":"https:\/\/www.chalet-chatel.com\/en\/ete\/nos-chalets\/","title":{"rendered":"Nos Chalets (\u00c9t\u00e9)"},"content":{"rendered":"","protected":false},"excerpt":{"rendered":"","protected":false},"author":3,"featured_media":0,"parent":636,"menu_order":0,"comment_status":"closed","ping_status":"closed","template":"","meta":{"_monsterinsights_skip_tracking":false,"_monsterinsights_sitenote_active":false,"_monsterinsights_sitenote_note":"","_monsterinsights_sitenote_category":0,"footnotes":""},"class_list":["post-653","page","type-page","status-publish","hentry"],"yoast_head":"<!-- This site is optimized with the Yoast SEO plugin v27.5 - https:\/\/yoast.com\/product\/yoast-seo-wordpress\/ -->\n<title>Location de chalets | Chalet Ch\u00e2tel<\/title>\n<meta name=\"description\" content=\"5 chalets enti\u00e8rement \u00e9quip\u00e9s disponibles \u00e0 la location pour des vacances \u00e0 la montagne dans une ambiance bois\u00e9e, chaleureuse et conviviale !\" \/>\n<meta name=\"robots\" content=\"index, follow, max-snippet:-1, max-image-preview:large, max-video-preview:-1\" \/>\n<link rel=\"canonical\" href=\"https:\/\/www.chalet-chatel.com\/en\/ete\/nos-chalets\/\" \/>\n<meta property=\"og:locale\" content=\"en_US\" \/>\n<meta property=\"og:type\" content=\"article\" \/>\n<meta property=\"og:title\" content=\"Location de chalets | Chalet Ch\u00e2tel\" \/>\n<meta property=\"og:description\" content=\"5 chalets enti\u00e8rement \u00e9quip\u00e9s disponibles \u00e0 la location pour des vacances \u00e0 la montagne dans une ambiance bois\u00e9e, chaleureuse et conviviale !\" \/>\n<meta property=\"og:url\" content=\"https:\/\/www.chalet-chatel.com\/en\/ete\/nos-chalets\/\" \/>\n<meta property=\"og:site_name\" content=\"Chalet Ch\u00e2tel\" \/>\n<meta property=\"article:modified_time\" content=\"2023-01-11T09:19:01+00:00\" \/>\n<meta name=\"twitter:card\" content=\"summary_large_image\" \/>\n<script type=\"application\/ld+json\" class=\"yoast-schema-graph\">{\"@context\":\"https:\\\/\\\/schema.org\",\"@graph\":[{\"@type\":\"WebPage\",\"@id\":\"https:\\\/\\\/www.chalet-chatel.com\\\/ete\\\/nos-chalets\\\/\",\"url\":\"https:\\\/\\\/www.chalet-chatel.com\\\/ete\\\/nos-chalets\\\/\",\"name\":\"Location de chalets | Chalet Ch\u00e2tel\",\"isPartOf\":{\"@id\":\"https:\\\/\\\/www.chalet-chatel.com\\\/#website\"},\"datePublished\":\"2023-01-04T09:08:56+00:00\",\"dateModified\":\"2023-01-11T09:19:01+00:00\",\"description\":\"5 chalets enti\u00e8rement \u00e9quip\u00e9s disponibles \u00e0 la location pour des vacances \u00e0 la montagne dans une ambiance bois\u00e9e, chaleureuse et conviviale !\",\"breadcrumb\":{\"@id\":\"https:\\\/\\\/www.chalet-chatel.com\\\/ete\\\/nos-chalets\\\/#breadcrumb\"},\"inLanguage\":\"en-US\",\"potentialAction\":[{\"@type\":\"ReadAction\",\"target\":[\"https:\\\/\\\/www.chalet-chatel.com\\\/ete\\\/nos-chalets\\\/\"]}]},{\"@type\":\"BreadcrumbList\",\"@id\":\"https:\\\/\\\/www.chalet-chatel.com\\\/ete\\\/nos-chalets\\\/#breadcrumb\",\"itemListElement\":[{\"@type\":\"ListItem\",\"position\":1,\"name\":\"Accueil (\u00c9t\u00e9)\",\"item\":\"https:\\\/\\\/www.chalet-chatel.com\\\/\"},{\"@type\":\"ListItem\",\"position\":2,\"name\":\"Nos Chalets (\u00c9t\u00e9)\"}]},{\"@type\":\"WebSite\",\"@id\":\"https:\\\/\\\/www.chalet-chatel.com\\\/#website\",\"url\":\"https:\\\/\\\/www.chalet-chatel.com\\\/\",\"name\":\"Chalet Ch\u00e2tel\",\"description\":\"Louer un chalet \u00e0 Ch\u00e2tel\",\"potentialAction\":[{\"@type\":\"SearchAction\",\"target\":{\"@type\":\"EntryPoint\",\"urlTemplate\":\"https:\\\/\\\/www.chalet-chatel.com\\\/?s={search_term_string}\"},\"query-input\":{\"@type\":\"PropertyValueSpecification\",\"valueRequired\":true,\"valueName\":\"search_term_string\"}}],\"inLanguage\":\"en-US\"}]}<\/script>\n<!-- \/ Yoast SEO plugin. -->","yoast_head_json":{"title":"Location de chalets | Chalet Ch\u00e2tel","description":"5 chalets enti\u00e8rement \u00e9quip\u00e9s disponibles \u00e0 la location pour des vacances \u00e0 la montagne dans une ambiance bois\u00e9e, chaleureuse et conviviale !","robots":{"index":"index","follow":"follow","max-snippet":"max-snippet:-1","max-image-preview":"max-image-preview:large","max-video-preview":"max-video-preview:-1"},"canonical":"https:\/\/www.chalet-chatel.com\/en\/ete\/nos-chalets\/","og_locale":"en_US","og_type":"article","og_title":"Location de chalets | Chalet Ch\u00e2tel","og_description":"5 chalets enti\u00e8rement \u00e9quip\u00e9s disponibles \u00e0 la location pour des vacances \u00e0 la montagne dans une ambiance bois\u00e9e, chaleureuse et conviviale !","og_url":"https:\/\/www.chalet-chatel.com\/en\/ete\/nos-chalets\/","og_site_name":"Chalet Ch\u00e2tel","article_modified_time":"2023-01-11T09:19:01+00:00","twitter_card":"summary_large_image","schema":{"@context":"https:\/\/schema.org","@graph":[{"@type":"WebPage","@id":"https:\/\/www.chalet-chatel.com\/ete\/nos-chalets\/","url":"https:\/\/www.chalet-chatel.com\/ete\/nos-chalets\/","name":"Location de chalets | Chalet Ch\u00e2tel","isPartOf":{"@id":"https:\/\/www.chalet-chatel.com\/#website"},"datePublished":"2023-01-04T09:08:56+00:00","dateModified":"2023-01-11T09:19:01+00:00","description":"5 chalets enti\u00e8rement \u00e9quip\u00e9s disponibles \u00e0 la location pour des vacances \u00e0 la montagne dans une ambiance bois\u00e9e, chaleureuse et conviviale !","breadcrumb":{"@id":"https:\/\/www.chalet-chatel.com\/ete\/nos-chalets\/#breadcrumb"},"inLanguage":"en-US","potentialAction":[{"@type":"ReadAction","target":["https:\/\/www.chalet-chatel.com\/ete\/nos-chalets\/"]}]},{"@type":"BreadcrumbList","@id":"https:\/\/www.chalet-chatel.com\/ete\/nos-chalets\/#breadcrumb","itemListElement":[{"@type":"ListItem","position":1,"name":"Accueil (\u00c9t\u00e9)","item":"https:\/\/www.chalet-chatel.com\/"},{"@type":"ListItem","position":2,"name":"Nos Chalets (\u00c9t\u00e9)"}]},{"@type":"WebSite","@id":"https:\/\/www.chalet-chatel.com\/#website","url":"https:\/\/www.chalet-chatel.com\/","name":"Chalet Ch\u00e2tel","description":"Louer un chalet \u00e0 Ch\u00e2tel","potentialAction":[{"@type":"SearchAction","target":{"@type":"EntryPoint","urlTemplate":"https:\/\/www.chalet-chatel.com\/?s={search_term_string}"},"query-input":{"@type":"PropertyValueSpecification","valueRequired":true,"valueName":"search_term_string"}}],"inLanguage":"en-US"}]}},"_links":{"self":[{"href":"https:\/\/www.chalet-chatel.com\/en\/wp-json\/wp\/v2\/pages\/653","targetHints":{"allow":["GET"]}}],"collection":[{"href":"https:\/\/www.chalet-chatel.com\/en\/wp-json\/wp\/v2\/pages"}],"about":[{"href":"https:\/\/www.chalet-chatel.com\/en\/wp-json\/wp\/v2\/types\/page"}],"author":[{"embeddable":true,"href":"https:\/\/www.chalet-chatel.com\/en\/wp-json\/wp\/v2\/users\/3"}],"replies":[{"embeddable":true,"href":"https:\/\/www.chalet-chatel.com\/en\/wp-json\/wp\/v2\/comments?post=653"}],"version-history":[{"count":2,"href":"https:\/\/www.chalet-chatel.com\/en\/wp-json\/wp\/v2\/pages\/653\/revisions"}],"predecessor-version":[{"id":666,"href":"https:\/\/www.chalet-chatel.com\/en\/wp-json\/wp\/v2\/pages\/653\/revisions\/666"}],"up":[{"embeddable":true,"href":"https:\/\/www.chalet-chatel.com\/en\/wp-json\/wp\/v2\/pages\/636"}],"wp:attachment":[{"href":"https:\/\/www.chalet-chatel.com\/en\/wp-json\/wp\/v2\/media?parent=653"}],"curies":[{"name":"wp","href":"https:\/\/api.w.org\/{rel}","templated":true}]}}

Nos Chalets (Été)

<!-- This site is optimized with the Yoast SEO plugin v27.5 - https://yoast.com/product/yoast-seo-wordpress/ -->
<title>Location de chalets | Chalet Châtel</title>
<meta name="description" content="5 chalets entièrement équipés disponibles à la location pour des vacances à la montagne dans une ambiance boisée, chaleureuse et conviviale !" />
<meta name="robots" content="index, follow, max-snippet:-1, max-image-preview:large, max-video-preview:-1" />
<link rel="canonical" href="https://www.chalet-chatel.com/en/ete/nos-chalets/" />
<meta property="og:locale" content="en_US" />
<meta property="og:type" content="article" />
<meta property="og:title" content="Location de chalets | Chalet Châtel" />
<meta property="og:description" content="5 chalets entièrement équipés disponibles à la location pour des vacances à la montagne dans une ambiance boisée, chaleureuse et conviviale !" />
<meta property="og:url" content="https://www.chalet-chatel.com/en/ete/nos-chalets/" />
<meta property="og:site_name" content="Chalet Châtel" />
<meta property="article:modified_time" content="2023-01-11T09:19:01+00:00" />
<meta name="twitter:card" content="summary_large_image" />
<script type="application/ld+json" class="yoast-schema-graph">{"@context":"https:\/\/schema.org","@graph":[{"@type":"WebPage","@id":"https:\/\/www.chalet-chatel.com\/ete\/nos-chalets\/","url":"https:\/\/www.chalet-chatel.com\/ete\/nos-chalets\/","name":"Location de chalets | Chalet Châtel","isPartOf":{"@id":"https:\/\/www.chalet-chatel.com\/#website"},"datePublished":"2023-01-04T09:08:56+00:00","dateModified":"2023-01-11T09:19:01+00:00","description":"5 chalets entièrement équipés disponibles à la location pour des vacances à la montagne dans une ambiance boisée, chaleureuse et conviviale !","breadcrumb":{"@id":"https:\/\/www.chalet-chatel.com\/ete\/nos-chalets\/#breadcrumb"},"inLanguage":"en-US","potentialAction":[{"@type":"ReadAction","target":["https:\/\/www.chalet-chatel.com\/ete\/nos-chalets\/"]}]},{"@type":"BreadcrumbList","@id":"https:\/\/www.chalet-chatel.com\/ete\/nos-chalets\/#breadcrumb","itemListElement":[{"@type":"ListItem","position":1,"name":"Accueil (Été)","item":"https:\/\/www.chalet-chatel.com\/"},{"@type":"ListItem","position":2,"name":"Nos Chalets (Été)"}]},{"@type":"WebSite","@id":"https:\/\/www.chalet-chatel.com\/#website","url":"https:\/\/www.chalet-chatel.com\/","name":"Chalet Châtel","description":"Louer un chalet à Châtel","potentialAction":[{"@type":"SearchAction","target":{"@type":"EntryPoint","urlTemplate":"https:\/\/www.chalet-chatel.com\/?s={search_term_string}"},"query-input":{"@type":"PropertyValueSpecification","valueRequired":true,"valueName":"search_term_string"}}],"inLanguage":"en-US"}]}</script>
<!-- / Yoast SEO plugin. -->

Location de chalets | Chalet Châtel

5 chalets entièrement équipés disponibles à la location pour des vacances à la montagne dans une ambiance boisée, chaleureuse et conviviale !

Chalet Châtel

Accueil (Été)

Louer un chalet à Châtel
